{"id":352,"date":"2025-09-29T13:39:00","date_gmt":"2025-09-29T13:39:00","guid":{"rendered":"https:\/\/doktor-bonk.de\/?page_id=352"},"modified":"2025-09-29T13:39:00","modified_gmt":"2025-09-29T13:39:00","slug":"kosten-und-abrechnung","status":"publish","type":"page","link":"https:\/\/doktor-bonk.de\/index.php\/kosten-und-abrechnung\/","title":{"rendered":"Kosten und Abrechnung"},"content":{"rendered":"\n<p>Meine Leistungen werden privat\u00e4rztlich nach der Geb\u00fchrenordnung f\u00fcr \u00c4rzte (GO\u00c4) abgerechnet. Das Erstgespr\u00e4ch f\u00fcr Hormon-\/ Mikron\u00e4hrstofftherapie oder Akupunktur liegt bei etwa 120\u202f\u20ac, abh\u00e4ngig von Art und Umfang der Behandlung ggf. mehr. Durch die Privatabrechnung kann ich mir sehr viel Zeit f\u00fcr Sie nehmen, um Sie individuell bestm\u00f6glich zu betreuen.<\/p>\n\n\n\n<p>Bitte beachten Sie, dass ich nicht mit gesetzlichen Krankenkassen abrechne. Wenn Sie privat versichert sind, beihilfeberechtigt oder eine private Zusatzversicherung haben, k\u00f6nnen Sie die Rechnung ggf. einreichen. Die Erstattung ist jedoch von Ihrem individuellen Tarif abh\u00e4ngig und kann nicht garantiert werden.<\/p>\n\n\n\n<p>Ich empfehle Ihnen, sich bei Ihrer Versicherung vorab \u00fcber m\u00f6gliche Erstattungen zu informieren. Selbstverst\u00e4ndlich erhalten Sie eine transparente Rechnung zur Vorlage bei Ihrer Versicherung. F\u00fcr R\u00fcckfragen zu den Kosten oder zur Abrechnung stehe ich Ihnen gerne zur Verf\u00fcgung.<\/p>\n","protected":false},"excerpt":{"rendered":"<p>Meine Leistungen werden privat\u00e4rztlich nach der Geb\u00fchrenordnung f\u00fcr \u00c4rzte (GO\u00c4) abgerechnet. Das Erstgespr\u00e4ch f\u00fcr Hormon-\/ Mikron\u00e4hrstofftherapie oder Akupunktur liegt bei etwa 120\u202f\u20ac, abh\u00e4ngig von Art und Umfang der Behandlung ggf. mehr. Durch die Privatabrechnung kann ich mir sehr viel Zeit f\u00fcr Sie nehmen, um Sie individuell bestm\u00f6glich zu betreuen. Bitte beachten Sie, dass ich nicht&hellip;&nbsp;<a href=\"https:\/\/doktor-bonk.de\/index.php\/kosten-und-abrechnung\/\" rel=\"bookmark\">Weiterlesen &raquo;<span class=\"screen-reader-text\">Kosten und Abrechnung<\/span><\/a><\/p>\n","protected":false},"author":2,"featured_media":0,"parent":0,"menu_order":0,"comment_status":"closed","ping_status":"closed","template":"","meta":{"neve_meta_sidebar":"","neve_meta_container":"","neve_meta_enable_content_width":"","neve_meta_content_width":0,"neve_meta_title_alignment":"","neve_meta_author_avatar":"","neve_post_elements_order":"","neve_meta_disable_header":"","neve_meta_disable_footer":"","neve_meta_disable_title":"","footnotes":""},"class_list":["post-352","page","type-page","status-publish","hentry"],"_links":{"self":[{"href":"https:\/\/doktor-bonk.de\/index.php\/wp-json\/wp\/v2\/pages\/352","targetHints":{"allow":["GET"]}}],"collection":[{"href":"https:\/\/doktor-bonk.de\/index.php\/wp-json\/wp\/v2\/pages"}],"about":[{"href":"https:\/\/doktor-bonk.de\/index.php\/wp-json\/wp\/v2\/types\/page"}],"author":[{"embeddable":true,"href":"https:\/\/doktor-bonk.de\/index.php\/wp-json\/wp\/v2\/users\/2"}],"replies":[{"embeddable":true,"href":"https:\/\/doktor-bonk.de\/index.php\/wp-json\/wp\/v2\/comments?post=352"}],"version-history":[{"count":1,"href":"https:\/\/doktor-bonk.de\/index.php\/wp-json\/wp\/v2\/pages\/352\/revisions"}],"predecessor-version":[{"id":353,"href":"https:\/\/doktor-bonk.de\/index.php\/wp-json\/wp\/v2\/pages\/352\/revisions\/353"}],"wp:attachment":[{"href":"https:\/\/doktor-bonk.de\/index.php\/wp-json\/wp\/v2\/media?parent=352"}],"curies":[{"name":"wp","href":"https:\/\/api.w.org\/{rel}","templated":true}]}}